vide 3011909?
False
Is 115625664 a multiple of 224?
True
Is 7 a factor of 20181798?
True
Is 391059606 a multiple of 609?
True
Is 145393370 a multiple of 30?
False
Does 110 divide 436387600?
True
Does 262 divide 183190662?
True
Is 1883608 a multiple of 184?
True
Is 205 a factor of 2419298209?
False
Does 144 divide 25902929?
False
Is 158983244 a multiple of 686?
True
Is 1594 a factor of 1835286632?
False
Is 3263442 a multiple of 278?
True
Is 328 a factor of 819795092?
False
Does 391 divide 5350233357?
False
Is 625 a factor of 520290000?
True
Does 226 divide 1346266180?
True
Does 53 divide 77976608?
False
Is 221884164 a multiple of 27?
True
Does 31 divide 239691773?
False
Is 230 a factor of 80217560?
True
Is 41307357 a multiple of 7?
True
Does 515 divide 387311245?
False
Is 541432417 a multiple of 19?
True
Is 10 a factor of 237872975?
False
Is 102782751 a multiple of 101?
True
Is 83 a factor of 16967856?
True
Is 21 a factor of 982632211?
False
Is 12220038 a multiple of 207?
True
Is 91129435 a multiple of 6?
False
Is 1696 a factor of 2047848768?
True
Is 61 a factor of 19608206?
True
Is 3934 a factor of 193529196?
True
Does 136 divide 3898032?
True
Is 15078880 a multiple of 170?
False
Is 421 a factor of 14548873?
False
Is 1206 a factor of 1337982228?
True
Is 501270676 a multiple of 1900?
False
Is 1573877988 a multiple of 369?
True
Does 17 divide 31683098?
False
Does 598 divide 30228302?
True
Does 24 divide 330194664?
True
Is 68 a factor of 130568296?
True
Is 51340146 a multiple of 750?
False
Is 30 a factor of 8737470?
True
Is 1406126877 a multiple of 731?
False
Does 140 divide 1578309461?
False
Does 32 divide 1785043072?
True
Does 503 divide 1035137735?
False
Is 55 a factor of 117727334?
False
Is 11999451 a multiple of 2?
False
Is 3329 a factor of 441142843?
False
Does 21 divide 94122194?
False
Is 38843073 a multiple of 126?
False
Does 22 divide 229248403?
False
Does 1345 divide 38132303?
False
Is 215248669 a multiple of 165?
False
Is 72211860 a multiple of 15?
True
Is 142405320 a multiple of 30?
True
Is 284 a factor of 161027148?
True
Is 3 a factor of 608349913?
False
Is 147522515 a multiple of 629?
True
Does 482 divide 11047440?
True
Is 769902 a multiple of 7?
True
Is 643 a factor of 217735875?
True
Is 45 a factor of 1450982970?
True
Does 395 divide 2470681550?
True
Is 314726274 a multiple of 255?
False
Is 4 a factor of 15355088?
True
Is 18075 a factor of 3603323550?
True
Is 34304500 a multiple of 314?
True
Is 379747813 a multiple of 19?
True
Is 439059816 a multiple of 156?
True
Is 1035175578 a multiple of 7122?
True
Does 415 divide 224569780?
True
Is 742 a factor of 196043078?
True
Is 9 a factor of 101515617?
True
Is 661 a factor of 231454174?
False
Is 87460129 a multiple of 1492?
False
Is 67733516 a multiple of 966?
False
Is 10 a factor of 815790390?
True
Is 18 a factor of 14730462?
True
Does 2163 divide 4168345419?
True
Is 11409066 a multiple of 6?
True
Does 17 divide 57907304?
True
Does 28 divide 80797985?
False
Is 102 a factor of 6649482?
True
Is 10 a factor of 1192967492?
False
Does 26 divide 71036706?
True
Is 2294 a factor of 552627219?
False
Is 51 a factor of 183176037?
True
Does 376 divide 24278326?
False
Does 186 divide 2347348086?
True
Does 1629 divide 100698586?
False
Is 2996 a factor of 63488291?
False
Does 2406 divide 6455298?
True
Does 367 divide 114599420?
True
Is 928 a factor of 453792?
True
Is 1790085552 a multiple of 84?
False
Is 18730395 a multiple of 1035?
True
Is 1945 a factor of 1525597705?
True
Is 20 a factor of 34137077?
False
Does 38 divide 258026214?
False
Is 166167061 a multiple of 8?
False
Is 164 a factor of 41091840?
True
Is 29134464 a multiple of 24?
True
Is 93 a factor of 328471164?
True
Is 77 a factor of 9112941?
False
Is 19 a factor of 3471807634?
False
Is 25 a factor of 3955400?
True
Is 15391682 a multiple of 617?
True
Does 274 divide 2212523422?
True
Is 2 a factor of 16513728?
True
Does 181 divide 2254193620?
False
Is 1581032 even?
True
Is 10 a factor of 259657428?
False
Is 64 a factor of 13770535?
False
Is 102129230 a multiple of 98?
True
Is 162352474 a multiple of 626?
True
Is 23440305 a multiple of 334?
False
Does 60 divide 337603751?
False
Is 2617411861 a multiple of 6134?
False
Is 19808609 a multiple of 1142?
False
Is 22815161 a multiple of 1048?
False
Is 44 a factor of 82773735?
False
Is 9273642 a multiple of 147?
True
Does 4019 divide 1275096145?
False
Does 7 divide 89332957?
True
Does 963 divide 238301091?
True
Does 101 divide 94509575?
False
Does 17 divide 98276473?
True
Does 4 divide 721339969?
False
Does 127 divide 186289823?
True
Does 309 divide 12593913?
True
Is 116840968 a multiple of 150?
False
Is 879599992 a multiple of 7871?
True
Does 25 divide 111738925?
True
Is 1772 a factor of 125418666?
False
Is 55 a factor of 81695071?
False
Does 12 divide 1974554443?
False
Does 283 divide 803720?
True
Does 1161 divide 53001972?
True
Does 6799 divide 100400778?
False
Is 94756370 a multiple of 3457?
True
Is 128889967 a multiple of 16?
False
Does 737 divide 44089101?
False
Is 1915 a factor of 47857886?
False
Does 26 divide 1024858718?
True
Is 797793553 a multiple of 127?
True
Is 170 a factor of 1232910162?
False
Is 80 a factor of 1132337360?
True
Does 3 divide 609981291?
True
Is 5102 a factor of 2479765876?
True
Does 2353 divide 9170098?
False
Is 12259212 a multiple of 19?
False
Is 319922040 a multiple of 40?
True
Is 32174224 a multiple of 927?
False
Does 72 divide 150878936?
False
Is 181 a factor of 84474510?
True
Is 256 a factor of 862328159?
False
Is 25406205 a multiple of 341?
True
Does 389 divide 62555479?
True
Does 13 divide 2058824911?
True
Is 317 a factor of 6265783?
False
Is 412521777 a multiple of 1021?
True
Is 669 a factor of 301704282?
True
Is 43124937 a multiple of 126?
False
Is 24 a factor of 303015111?
False
Does 76 divide 108813304?
True
Is 401419285 a multiple of 7758?
False
Does 59 divide 258719612?
False
Is 264982082 a multiple of 53?
False
Does 40 divide 314670100?
False
Is 43 a factor of 275777946?
False
Is 269 a factor of 219313578?
False
Is 86 a factor of 13153528?
True
Is 128 a factor of 10856448?
True
Is 344181770 a multiple of 190?
True
Is 15 a factor of 360666593?
False
Is 3 a factor of 4158348?
True
Is 36855240 a multiple of 406?
False
Does 22 divide 135678991?
False
Is 488 a factor of 24980720?
True
Is 3000 a factor of 105782356?
False
Does 208 divide 95677504?
True
Does 2199 divide 367162998?
False
Does 1176 divide 540875328?
True
Is 343 a factor of 41816476?
False
Is 10546306 a multiple of 1334?
False
Is 1245 a factor of 2273756470?
False
Is 2512 a factor of 504233760?
True
Does 32 divide 359949333?
False
Does 211 divide 54995953?
False
Does 903 divide 1572834018?
False
Does 80 divide 126259103?
False
Is 312 a factor of 8407776?
True
Is 7457 a factor of 2290110077?
False
Does 17 divide 2257143?
False
Is 422 a factor of 703245822?
False
Does 103 divide 206565803?
False
Is 62 a factor of 259378360?
False
Is 31027633 a multiple of 7?
True
Is 331206333 a multiple of 17?
False
Is 612 a factor of 1088394595?
False
Is 69534353 a multiple of 116?
False
Is 113718318 a multiple of 294?
True
Is 77885949 a multiple of 32?
False
Does 28 divide 14525919?
False
Does 86 divide 11836696?
True
Does 6 divide 79672960?
False
Is 49717872 a multiple of 9?
True
Is 11625984 a multiple of 32?
True
Is 2140 a factor of 1824031140?
True
Is 28 a factor of 24452684?
False
Is 104621919 a multiple of 948?
False
Does 11 divide 156905718?
False
Is 3 a factor of 9145584?
True
Is 222390535 a multiple of 37?
True
Is 3125340 a multiple of 2?
True
Does 74 divide 1820280952?
False
Does 220 divide 198876920?
True
Does 398 divide 343507245?
False
Does 1460 divide 44857040?
True
Does 248 divide 34898468?
False
Is 24413092 a multiple of 44?
True
Is 554 a factor of 87827282?
True
Does 99 divide 32480415?
True
Is 2529 a factor of 4089881097?
True
Does 56 divide 170751616?
True
Does 101 divide 1370902391?
True
Is 1094752352 a multiple of 39?
False
Is 9 a factor of 41362727?
False
Is 1831 a factor of 139585974?
False
Is 2461 a multiple of 9?
False
Is 60572337 a multiple of 903?
True
Is 170 a factor of 5917769?
False
Is 696651727 a multiple of 5632?
False
Does 1122 divide 478601001?
False
Does 61 divide 11217707?
False
I